{"id":15562,"date":"2023-05-20T18:18:22","date_gmt":"2023-05-20T16:18:22","guid":{"rendered":"https:\/\/espoopaiva.fi\/event\/espoon-pelimannit-esbo-spelmanslag-esbo-spelman-forr-och-nu-espoon-pelimanneja-ennen-ja-nyt\/"},"modified":"2023-08-23T08:57:48","modified_gmt":"2023-08-23T06:57:48","slug":"espoos-folk-musicians-then-and-now","status":"publish","type":"event_listing","link":"https:\/\/espoopaiva.fi\/en\/event\/espoos-folk-musicians-then-and-now\/","title":{"rendered":"Espoo&#8217;s Folk Musicians: Then and Now"},"content":{"rendered":"<p>Toukokuussa 2022 Espoon pelimannit julkaisivat CD:n &#8220;Esbo spelm\u00e4n f\u00f6rr och nu \u2013 Espoon pelimanneja ennen ja nyt\u201d. Levy on Espoon pelimannien kunnianosoitus espoolaisten kylien monimuotoiselle musiikkiperinteelle. Levy oli my\u00f6s orkesterin kunnianosoitus 50 vuotta t\u00e4ytt\u00e4v\u00e4lle kotikaupungille.<\/p>\n<p>T\u00e4ss\u00e4 Espoo-p\u00e4iv\u00e4n konsertissa kuulemme Espoolaisia s\u00e4velmi\u00e4; sek\u00e4 espoolaisten s\u00e4velt\u00e4jien teoksia ett\u00e4 s\u00e4velmi\u00e4 jotka kertovat kotikaupungistamme. Esbo spelmanslag on alunperin perustettu Espoon ruotsinkielisess\u00e4 ty\u00f6v\u00e4enopistossa, Arbiksessa, jonka alaisuudessa se toimii edelleenkin. Orkesterin taiteellisesta tasosta vastaa musiikin maisteri Pekka Pentik\u00e4inen.<\/p>\n<p>Ilmojen salliessa konsertti toteutetaan ravintolan sis\u00e4pihalla. Ravintolan kahvio on avoinna ja tarjolla on herkullista pient\u00e4 purtavaa ja juotavaa!<\/p>\n<p><strong>EN <\/strong><\/p>\n<p><span data-contrast=\"auto\">Folk music concert by Espoon pelimannit! Enjoy music made by composers from Espoo and about Espoo. The concert will be held on the courtyard of the restaurant if the weather is suitable.<\/span><span data-ccp-props=\"{\"201341983\":0,\"335559739\":160,\"335559740\":259}\"> Welcome!<\/span><\/p>\n<p><strong>SV <\/strong><\/p>\n<p><span data-contrast=\"none\">Folkmusikkonserten framlagd av Esbo spelmanslag! Njut av verk av komposit\u00f6rer boende i Esbo och kompositioner fr\u00e5n v\u00e5r hemstad. Om v\u00e4dret till\u00e5ter, genomf\u00f6rs konserten p\u00e5 restaurangens innerg\u00e5rd.<\/span><span data-ccp-props=\"{\"201341983\":0,\"335559739\":160,\"335559740\":257}\"> V\u00e4llkommen!<\/span><\/p>\n","protected":false},"featured_media":12740,"template":"","meta":{"inline_featured_image":false},"event_listing_category":[83],"event_listing_type":[],"class_list":["post-15562","event_listing","type-event_listing","status-publish","has-post-thumbnail","hentry","event_listing_category-music-en"],"yoast_head":"<!-- This site is optimized with the Yoast SEO plugin v20.12 - https:\/\/yoast.com\/wordpress\/plugins\/seo\/ -->\n<title>Espoo&#039;s Folk Musicians: Then and Now | Espoo-p\u00e4iv\u00e4<\/title>\n<meta name=\"robots\" content=\"index, follow, max-snippet:-1, max-image-preview:large, max-video-preview:-1\" \/>\n<link rel=\"canonical\" href=\"https:\/\/espoopaiva.fi\/en\/event\/espoos-folk-musicians-then-and-now\/\" \/>\n<meta property=\"og:locale\" content=\"en_US\" \/>\n<meta property=\"og:type\" content=\"article\" \/>\n<meta property=\"og:title\" content=\"Espoo&#039;s Folk Musicians: Then and Now | Espoo-p\u00e4iv\u00e4\" \/>\n<meta property=\"og:description\" content=\"Toukokuussa 2022 Espoon pelimannit julkaisivat CD:n &#8220;Esbo spelm\u00e4n f\u00f6rr och nu \u2013 Espoon pelimanneja ennen ja nyt\u201d. Levy on Espoon pelimannien kunnianosoitus espoolaisten kylien monimuotoiselle musiikkiperinteelle. Levy oli my\u00f6s orkesterin kunnianosoitus 50 vuotta t\u00e4ytt\u00e4v\u00e4lle kotikaupungille. T\u00e4ss\u00e4 Espoo-p\u00e4iv\u00e4n konsertissa kuulemme Espoolaisia s\u00e4velmi\u00e4; sek\u00e4 espoolaisten s\u00e4velt\u00e4jien teoksia ett\u00e4 s\u00e4velmi\u00e4 jotka kertovat kotikaupungistamme. Esbo spelmanslag on alunperin perustettu [&hellip;]\" \/>\n<meta property=\"og:url\" content=\"https:\/\/espoopaiva.fi\/en\/event\/espoos-folk-musicians-then-and-now\/\" \/>\n<meta property=\"og:site_name\" content=\"Espoo-p\u00e4iv\u00e4\" \/>\n<meta property=\"article:modified_time\" content=\"2023-08-23T06:57:48+00:00\" \/>\n<meta property=\"og:image\" content=\"https:\/\/espoopaiva.fi\/wp-content\/uploads\/2023\/05\/e5113943-9a39-4fb1-9c7b-fe5a58f0c508-scaled.jpg\" \/>\n\t<meta property=\"og:image:width\" content=\"2560\" \/>\n\t<meta property=\"og:image:height\" content=\"1439\" \/>\n\t<meta property=\"og:image:type\" content=\"image\/jpeg\" \/>\n<meta name=\"twitter:card\" content=\"summary_large_image\" \/>\n<meta name=\"twitter:label1\" content=\"Est. reading time\" \/>\n\t<meta name=\"twitter:data1\" content=\"1 minute\" \/>\n<script type=\"application\/ld+json\" class=\"yoast-schema-graph\">{\"@context\":\"https:\/\/schema.org\",\"@graph\":[{\"@type\":\"WebPage\",\"@id\":\"https:\/\/espoopaiva.fi\/en\/event\/espoos-folk-musicians-then-and-now\/\",\"url\":\"https:\/\/espoopaiva.fi\/en\/event\/espoos-folk-musicians-then-and-now\/\",\"name\":\"Espoo's Folk Musicians: Then and Now | Espoo-p\u00e4iv\u00e4\",\"isPartOf\":{\"@id\":\"https:\/\/espoopaiva.fi\/en\/#website\"},\"datePublished\":\"2023-05-20T16:18:22+00:00\",\"dateModified\":\"2023-08-23T06:57:48+00:00\",\"breadcrumb\":{\"@id\":\"https:\/\/espoopaiva.fi\/en\/event\/espoos-folk-musicians-then-and-now\/#breadcrumb\"},\"inLanguage\":\"en-US\",\"potentialAction\":[{\"@type\":\"ReadAction\",\"target\":[\"https:\/\/espoopaiva.fi\/en\/event\/espoos-folk-musicians-then-and-now\/\"]}]},{\"@type\":\"BreadcrumbList\",\"@id\":\"https:\/\/espoopaiva.fi\/en\/event\/espoos-folk-musicians-then-and-now\/#breadcrumb\",\"itemListElement\":[{\"@type\":\"ListItem\",\"position\":1,\"name\":\"Etusivu\",\"item\":\"https:\/\/espoopaiva.fi\/en\/etusivu\/\"},{\"@type\":\"ListItem\",\"position\":2,\"name\":\"Espoo&#8217;s Folk Musicians: Then and Now\"}]},{\"@type\":\"WebSite\",\"@id\":\"https:\/\/espoopaiva.fi\/en\/#website\",\"url\":\"https:\/\/espoopaiva.fi\/en\/\",\"name\":\"Espoo-p\u00e4iv\u00e4\",\"description\":\"\",\"potentialAction\":[{\"@type\":\"SearchAction\",\"target\":{\"@type\":\"EntryPoint\",\"urlTemplate\":\"https:\/\/espoopaiva.fi\/en\/?s={search_term_string}\"},\"query-input\":\"required name=search_term_string\"}],\"inLanguage\":\"en-US\"}]}<\/script>\n<!-- \/ Yoast SEO plugin. -->","yoast_head_json":{"title":"Espoo's Folk Musicians: Then and Now | Espoo-p\u00e4iv\u00e4","robots":{"index":"index","follow":"follow","max-snippet":"max-snippet:-1","max-image-preview":"max-image-preview:large","max-video-preview":"max-video-preview:-1"},"canonical":"https:\/\/espoopaiva.fi\/en\/event\/espoos-folk-musicians-then-and-now\/","og_locale":"en_US","og_type":"article","og_title":"Espoo's Folk Musicians: Then and Now | Espoo-p\u00e4iv\u00e4","og_description":"Toukokuussa 2022 Espoon pelimannit julkaisivat CD:n &#8220;Esbo spelm\u00e4n f\u00f6rr och nu \u2013 Espoon pelimanneja ennen ja nyt\u201d. Levy on Espoon pelimannien kunnianosoitus espoolaisten kylien monimuotoiselle musiikkiperinteelle. Levy oli my\u00f6s orkesterin kunnianosoitus 50 vuotta t\u00e4ytt\u00e4v\u00e4lle kotikaupungille. T\u00e4ss\u00e4 Espoo-p\u00e4iv\u00e4n konsertissa kuulemme Espoolaisia s\u00e4velmi\u00e4; sek\u00e4 espoolaisten s\u00e4velt\u00e4jien teoksia ett\u00e4 s\u00e4velmi\u00e4 jotka kertovat kotikaupungistamme. Esbo spelmanslag on alunperin perustettu [&hellip;]","og_url":"https:\/\/espoopaiva.fi\/en\/event\/espoos-folk-musicians-then-and-now\/","og_site_name":"Espoo-p\u00e4iv\u00e4","article_modified_time":"2023-08-23T06:57:48+00:00","og_image":[{"width":2560,"height":1439,"url":"https:\/\/espoopaiva.fi\/wp-content\/uploads\/2023\/05\/e5113943-9a39-4fb1-9c7b-fe5a58f0c508-scaled.jpg","type":"image\/jpeg"}],"twitter_card":"summary_large_image","twitter_misc":{"Est. reading time":"1 minute"},"schema":{"@context":"https:\/\/schema.org","@graph":[{"@type":"WebPage","@id":"https:\/\/espoopaiva.fi\/en\/event\/espoos-folk-musicians-then-and-now\/","url":"https:\/\/espoopaiva.fi\/en\/event\/espoos-folk-musicians-then-and-now\/","name":"Espoo's Folk Musicians: Then and Now | Espoo-p\u00e4iv\u00e4","isPartOf":{"@id":"https:\/\/espoopaiva.fi\/en\/#website"},"datePublished":"2023-05-20T16:18:22+00:00","dateModified":"2023-08-23T06:57:48+00:00","breadcrumb":{"@id":"https:\/\/espoopaiva.fi\/en\/event\/espoos-folk-musicians-then-and-now\/#breadcrumb"},"inLanguage":"en-US","potentialAction":[{"@type":"ReadAction","target":["https:\/\/espoopaiva.fi\/en\/event\/espoos-folk-musicians-then-and-now\/"]}]},{"@type":"BreadcrumbList","@id":"https:\/\/espoopaiva.fi\/en\/event\/espoos-folk-musicians-then-and-now\/#breadcrumb","itemListElement":[{"@type":"ListItem","position":1,"name":"Etusivu","item":"https:\/\/espoopaiva.fi\/en\/etusivu\/"},{"@type":"ListItem","position":2,"name":"Espoo&#8217;s Folk Musicians: Then and Now"}]},{"@type":"WebSite","@id":"https:\/\/espoopaiva.fi\/en\/#website","url":"https:\/\/espoopaiva.fi\/en\/","name":"Espoo-p\u00e4iv\u00e4","description":"","potentialAction":[{"@type":"SearchAction","target":{"@type":"EntryPoint","urlTemplate":"https:\/\/espoopaiva.fi\/en\/?s={search_term_string}"},"query-input":"required name=search_term_string"}],"inLanguage":"en-US"}]}},"_links":{"self":[{"href":"https:\/\/espoopaiva.fi\/en\/wp-json\/wp\/v2\/event_listing\/15562","targetHints":{"allow":["GET"]}}],"collection":[{"href":"https:\/\/espoopaiva.fi\/en\/wp-json\/wp\/v2\/event_listing"}],"about":[{"href":"https:\/\/espoopaiva.fi\/en\/wp-json\/wp\/v2\/types\/event_listing"}],"wp:featuredmedia":[{"embeddable":true,"href":"https:\/\/espoopaiva.fi\/en\/wp-json\/wp\/v2\/media\/12740"}],"wp:attachment":[{"href":"https:\/\/espoopaiva.fi\/en\/wp-json\/wp\/v2\/media?parent=15562"}],"wp:term":[{"taxonomy":"event_listing_category","embeddable":true,"href":"https:\/\/espoopaiva.fi\/en\/wp-json\/wp\/v2\/event_listing_category?post=15562"},{"taxonomy":"event_listing_type","embeddable":true,"href":"https:\/\/espoopaiva.fi\/en\/wp-json\/wp\/v2\/event_listing_type?post=15562"}],"curies":[{"name":"wp","href":"https:\/\/api.w.org\/{rel}","templated":true}]}}

<p>Toukokuussa 2022 Espoon pelimannit julkaisivat CD:n &#8220;Esbo spelmän förr och nu – Espoon pelimanneja ennen ja nyt”. Levy on Espoon pelimannien kunnianosoitus espoolaisten kylien monimuotoiselle musiikkiperinteelle. Levy oli myös orkesterin kunnianosoitus 50 vuotta täyttävälle kotikaupungille.</p>
<p>Tässä Espoo-päivän konsertissa kuulemme Espoolaisia sävelmiä; sekä espoolaisten säveltäjien teoksia että sävelmiä jotka kertovat kotikaupungistamme. Esbo spelmanslag on alunperin perustettu Espoon ruotsinkielisessä työväenopistossa, Arbiksessa, jonka alaisuudessa se toimii edelleenkin. Orkesterin taiteellisesta tasosta vastaa musiikin maisteri Pekka Pentikäinen.</p>
<p>Ilmojen salliessa konsertti toteutetaan ravintolan sisäpihalla. Ravintolan kahvio on avoinna ja tarjolla on herkullista pientä purtavaa ja juotavaa!</p>
<p><strong>EN </strong></p>
<p><span data-contrast="auto">Folk music concert by Espoon pelimannit! Enjoy music made by composers from Espoo and about Espoo. The concert will be held on the courtyard of the restaurant if the weather is suitable.</span><span data-ccp-props="{"201341983":0,"335559739":160,"335559740":259}"> Welcome!</span></p>
<p><strong>SV </strong></p>
<p><span data-contrast="none">Folkmusikkonserten framlagd av Esbo spelmanslag! Njut av verk av kompositörer boende i Esbo och kompositioner från vår hemstad. Om vädret tillåter, genomförs konserten på restaurangens innergård.</span><span data-ccp-props="{"201341983":0,"335559739":160,"335559740":257}"> Vällkommen!</span></p>

<!-- This site is optimized with the Yoast SEO plugin v20.12 - https://yoast.com/wordpress/plugins/seo/ -->
<title>Espoo&#039;s Folk Musicians: Then and Now | Espoo-päivä</title>
<meta name="robots" content="index, follow, max-snippet:-1, max-image-preview:large, max-video-preview:-1" />
<link rel="canonical" href="https://espoopaiva.fi/en/event/espoos-folk-musicians-then-and-now/" />
<meta property="og:locale" content="en_US" />
<meta property="og:type" content="article" />
<meta property="og:title" content="Espoo&#039;s Folk Musicians: Then and Now | Espoo-päivä" />
<meta property="og:description" content="Toukokuussa 2022 Espoon pelimannit julkaisivat CD:n &#8220;Esbo spelmän förr och nu – Espoon pelimanneja ennen ja nyt”. Levy on Espoon pelimannien kunnianosoitus espoolaisten kylien monimuotoiselle musiikkiperinteelle. Levy oli myös orkesterin kunnianosoitus 50 vuotta täyttävälle kotikaupungille. Tässä Espoo-päivän konsertissa kuulemme Espoolaisia sävelmiä; sekä espoolaisten säveltäjien teoksia että sävelmiä jotka kertovat kotikaupungistamme. Esbo spelmanslag on alunperin perustettu [&hellip;]" />
<meta property="og:url" content="https://espoopaiva.fi/en/event/espoos-folk-musicians-then-and-now/" />
<meta property="og:site_name" content="Espoo-päivä" />
<meta property="article:modified_time" content="2023-08-23T06:57:48+00:00" />
<meta property="og:image" content="https://espoopaiva.fi/wp-content/uploads/2023/05/e5113943-9a39-4fb1-9c7b-fe5a58f0c508-scaled.jpg" />
	<meta property="og:image:width" content="2560" />
	<meta property="og:image:height" content="1439" />
	<meta property="og:image:type" content="image/jpeg" />
<meta name="twitter:card" content="summary_large_image" />
<meta name="twitter:label1" content="Est. reading time" />
	<meta name="twitter:data1" content="1 minute" />
<script type="application/ld+json" class="yoast-schema-graph">{"@context":"https://schema.org","@graph":[{"@type":"WebPage","@id":"https://espoopaiva.fi/en/event/espoos-folk-musicians-then-and-now/","url":"https://espoopaiva.fi/en/event/espoos-folk-musicians-then-and-now/","name":"Espoo's Folk Musicians: Then and Now | Espoo-päivä","isPartOf":{"@id":"https://espoopaiva.fi/en/#website"},"datePublished":"2023-05-20T16:18:22+00:00","dateModified":"2023-08-23T06:57:48+00:00","breadcrumb":{"@id":"https://espoopaiva.fi/en/event/espoos-folk-musicians-then-and-now/#breadcrumb"},"inLanguage":"en-US","potentialAction":[{"@type":"ReadAction","target":["https://espoopaiva.fi/en/event/espoos-folk-musicians-then-and-now/"]}]},{"@type":"BreadcrumbList","@id":"https://espoopaiva.fi/en/event/espoos-folk-musicians-then-and-now/#breadcrumb","itemListElement":[{"@type":"ListItem","position":1,"name":"Etusivu","item":"https://espoopaiva.fi/en/etusivu/"},{"@type":"ListItem","position":2,"name":"Espoo&#8217;s Folk Musicians: Then and Now"}]},{"@type":"WebSite","@id":"https://espoopaiva.fi/en/#website","url":"https://espoopaiva.fi/en/","name":"Espoo-päivä","description":"","potentialAction":[{"@type":"SearchAction","target":{"@type":"EntryPoint","urlTemplate":"https://espoopaiva.fi/en/?s={search_term_string}"},"query-input":"required name=search_term_string"}],"inLanguage":"en-US"}]}</script>
<!-- / Yoast SEO plugin. -->

Espoo's Folk Musicians: Then and Now | Espoo-päivä

Toukokuussa 2022 Espoon pelimannit julkaisivat CD:n &#8220;Esbo spelmän förr och nu – Espoon pelimanneja ennen ja nyt”. Levy on Espoon pelimannien kunnianosoitus espoolaisten kylien monimuotoiselle musiikkiperinteelle. Levy oli myös orkesterin kunnianosoitus 50 vuotta täyttävälle kotikaupungille. Tässä Espoo-päivän konsertissa kuulemme Espoolaisia sävelmiä; sekä espoolaisten säveltäjien teoksia että sävelmiä jotka kertovat kotikaupungistamme. Esbo spelmanslag on alunperin perustettu [&hellip;]

Espoo-päivä
